common factor of 60730073 and 139?
139
Calculate the greatest common divisor of 40 and 3332025.
5
Calculate the highest common factor of 122444 and 13748.
28
What is the highest common factor of 18335875 and 84267?
3121
Calculate the highest common factor of 4998888920 and 1640.
1640
What is the highest common factor of 5044140 and 3240?
540
What is the highest common divisor of 42 and 37034368?
14
Calculate the highest common factor of 105708 and 1315002.
138
Calculate the greatest common factor of 13011583 and 21827.
299
What is the highest common divisor of 339805564 and 56?
28
What is the greatest common divisor of 3868485 and 1955?
115
What is the highest common factor of 976 and 576145?
61
Calculate the highest common divisor of 10085866 and 71974.
1358
Calculate the highest common factor of 3495216 and 3396.
12
Calculate the highest common divisor of 116258 and 6.
2
What is the highest common divisor of 2191 and 5796?
7
What is the greatest common factor of 17 and 50591779?
17
What is the greatest common factor of 4743 and 1609407?
153
What is the greatest common factor of 3658 and 1356646?
118
What is the greatest common factor of 6585 and 20668120?
2195
Calculate the greatest common divisor of 313683858 and 72.
18
What is the highest common divisor of 984 and 13632456?
24
What is the highest common factor of 196310 and 1593920?
2930
What is the highest common factor of 29110 and 560470?
410
What is the highest common factor of 294006 and 266?
38
Calculate the greatest common divisor of 104 and 259876.
4
What is the highest common factor of 61 and 32931643?
61
Calculate the highest common divisor of 8956 and 99998218.
4478
Calculate the highest common divisor of 2490406 and 114.
38
Calculate the greatest common factor of 1942887 and 89692.
1319
What is the highest common factor of 54 and 17514642?
6
Calculate the highest common divisor of 968 and 328118604.
484
What is the greatest common divisor of 4 and 213467?
1
What is the greatest common divisor of 215 and 373925?
5
What is the greatest common divisor of 13479150 and 2300?
1150
Calculate the highest common factor of 27346830 and 210.
210
What is the highest common factor of 1695528 and 144?
72
Calculate the greatest common divisor of 15493876 and 28240.
1412
Calculate the greatest common factor of 1188152 and 2027816.
2744
Calculate the greatest common divisor of 776 and 13662353.
97
Calculate the greatest common factor of 1456575 and 30.
15
Calculate the greatest common divisor of 3832639600 and 12440.
12440
Calculate the highest common divisor of 19740932 and 1165058.
5914
What is the highest common divisor of 239165236 and 76?
76
What is the greatest common factor of 41296785 and 470?
235
Calculate the highest common factor of 50922036 and 1152.
36
What is the highest common factor of 2212 and 10073?
7
What is the greatest common divisor of 203699 and 414143?
1349
Calculate the greatest common factor of 240 and 3000880.
80
What is the highest common divisor of 47583118 and 44?
22
What is the highest common factor of 4961544 and 88?
8
What is the highest common divisor of 45 and 29531925?
45
Calculate the highest common factor of 1615 and 4806772.
19
Calculate the highest common divisor of 374998 and 96226.
26
What is the highest common divisor of 4230 and 14112?
18
Calculate the highest common factor of 1965 and 3832536.
393
What is the highest common divisor of 989005 and 1969090?
1115
What is the greatest common factor of 323136 and 22077?
99
What is the greatest common divisor of 5194 and 613422?
106
What is the greatest common factor of 4804 and 19626742?
2402
Calculate the highest common factor of 40250 and 4022125.
2875
Calculate the greatest common factor of 5292148 and 532.
4
Calculate the greatest common factor of 1668200 and 733400.
3800
Calculate the highest common divisor of 760 and 333146.
38
What is the greatest common factor of 1444 and 1603562?
722
What is the greatest common divisor of 212772168 and 4020?
804
Calculate the highest common factor of 1174 and 6139433.
587
What is the highest common divisor of 12665666 and 5548?
38
What is the greatest common factor of 47017039 and 285?
19
Calculate the highest common divisor of 376371 and 966239.
2201
Calculate the highest common divisor of 8224 and 461572.
1028
What is the greatest common divisor of 2600 and 319100?
100
What is the greatest common factor of 12769 and 718115?
113
What is the highest common factor of 4855280 and 15344?
2192
Calculate the highest common divisor of 2184 and 27657552.
312
What is the highest common factor of 2517 and 151813694?
839
Calculate the greatest common divisor of 5112 and 26481864.
1704
What is the highest common divisor of 60014196 and 4374?
1458
What is the highest common divisor of 995337 and 15921?
549
Calculate the highest common divisor of 984 and 670056.
24
Calculate the highest common divisor of 370344 and 230568.
312
What is the greatest common factor of 5746 and 24830?
26
What is the highest common factor of 57 and 152658787?
19
Calculate the greatest common divisor of 278349765 and 10809.
3603
What is the highest common factor of 382 and 1346096948?
382
What is the highest common divisor of 2415 and 448095?
15
What is the greatest common divisor of 105526 and 8628139?
2777
What is the greatest common factor of 334180 and 2823170?
2170
What is the greatest common divisor of 54 and 161303346?
54
Calculate the greatest common factor of 15392940 and 6644.
604
Calculate the highest common factor of 136968 and 38064.
312
Calculate the greatest common divisor of 6868 and 264836948.
6868
What is the greatest common divisor of 31471716 and 12?
12
Calculate the greatest common factor of 180 and 3589716.
12
Calculate the greatest common divisor of 503 and 179895938.
503
What is the highest common factor of 13976611 and 314?
157
What is the highest common factor of 105240 and 10944?
24
What is the highest common divisor of 13740 and 145980?
60
Calculate the highest common factor of 36261 and 31363.
79
What is the highest common factor of 284 and 1120624?
4
Calculate the greatest common factor of 185721 and 387418.
1997
What is the highest common factor of 2979 and 2391?
3
Calculate the greatest common divisor of 512 and 336632.
8
What is the highest common divisor of 36216 and 290734?
1006
What is the greatest common factor of 105808 and 61744?
272
What is the highest common divisor of 162 and 506034?
54
What is the highest common divisor of 1709851 and 66066?
1573
What is the highest common factor of 12291679 and 86?
43
What is the greatest common factor of 95999 and 4250?
17
Calculate the highest common factor of 1192961198 and 1014.
338
What is the highest common divisor of 3137238 and 936?
234
What is the greatest common divisor of 21764695 and 5?
5
Calculate the highest common factor of 107560547 and 17.
17
Calculate the highest common factor of 11033702 and 712378.
5438
What is the highest common factor of 73899 and 4861269?
3213
Calculate the highest common divisor of 1269 and 111141276.
141
Calculate the highest common divisor of 24552 and 387189.
99
Calculate the highest common divisor of 7258 and 567682.
38
What is the greatest common divisor of 5697 and 2017332?
27
Calculate the greatest common factor of 12540 and 2443100.
220
What is the highest common divisor of 68 and 3527330?
34
Calculate the highest common factor of 42 and 5927523.
21
Calculate the greatest common divisor of 24760 and 86403115.
3095
Calculate the greatest common divisor of 12951990 and 27.
9
What is the greatest common factor of 285053 and 2989?
61
What is the highest common factor of 975 and 556257000?
975
What is the greatest common divisor of 1052406078 and 138?
138
What is the greatest common divisor of 1016 and 182464?
8
Calculate the greatest common factor of 115 and 15441970.
115
What is the highest common factor of 2505420770 and 53?
53
What is the highest common divisor of 1280 and 10166050?
10
Calculate the greatest common factor of 86741820 and 9350.
1870
What is the greatest common divisor of 2169 and 51223827?
723
What is the greatest common factor of 3270 and 6504255?
15
What is the highest common factor of 2468 and 813272636?
2468
Calculate the highest common factor of 1320 